*l. Is n a composite number?
False
Let y be 4/(-2*2) - -166. Suppose 78 = 3*r - 5*o, 0 = 4*r + o - y + 38. Is r a prime number?
True
Let p(q) be the third derivative of 11*q**6/120 + q**5/120 - q**4/24 - 2*q**2. Let u(a) be the second derivative of p(a). Is u(1) composite?
False
Let g(y) = -3 + 7*y + 5 + 1. Let x be g(-2). Let z(o) = -13*o - 16. Is z(x) a composite number?
False
Suppose 0 = 6*t - 3*t - b - 211, 5*t = -3*b + 361. Let g be 5 - 2 - (0 - -1). Suppose -t + 453 = g*u. Is u prime?
True
Let f = 12 - 10. Is (f + -4)/(4/(-282)) composite?
True
Suppose -4*q + 4 = 0, -5*j + 39 = -2*q - 29. Is j a prime number?
False
Suppose -y + 2 = 1. Let p(b) be the third derivative of b**4/6 - b**3/6 + 2*b**2. Is p(y) composite?
False
Suppose 116 = -5*g + 7*g. Is g prime?
False
Suppose 164 + 171 = 5*v. Is v composite?
False
Is -879*3/27*-3 composite?
False
Let s(a) be the first derivative of 1/2*a**2 + 15*a - 1. Is s(-9) a composite number?
True
Suppose 2*v - 506 = 452. Suppose 0 = -3*s + 2*l + 871, -974 - v = -5*s + 3*l. Is s a prime number?
True
Suppose 0 = 2*f - 2009 + 447. Is f a prime number?
False
Suppose -4*j = -4*q - 28, -4*j - 2*q - 4 = -j. Let z = -1 + 4. Suppose -z*y + 11 = 2*n, 3*n + 2*n + j*y - 55 = 0. Is n a composite number?
False
Let l(z) = 148*z + 5. Is l(5) prime?
False
Let g = -5 + 8. Let v = 14 + -12. Suppose -n - 2*n - g*d = -69, v*d = 0. Is n a composite number?
False
Suppose -223 = 4*g - 5*g. Is g a prime number?
True
Let b(o) = -1 + 2 - 2 + o**2. Let f be b(2). Suppose -f*p = 5*a - 92, 0*p + p + 5*a = 14. Is p a composite number?
True
Let t be (1 - 0 - -17) + 2. Let f = -5 - t. Let r = f + 40. Is r composite?
True
Suppose 3*j - 2*q = 2*j - 8, 3*j - q + 4 = 0. Suppose j*x = -4*x + 1964. Is x a composite number?
False
Let x(p) = 4*p**2 + 4. Let u be x(4). Suppose -b + j + 29 = 6*j, 4*j = 4*b - u. Is b a composite number?
False
Let g(m) = -2*m**3 + 3*m**2 + 27*m - 13. Is g(-7) prime?
True
Is (-1280)/(-3) - (-6)/18 a composite number?
True
Let n(p) = -2*p**2 + p. Let b be n(-1). Let y be (-42)/(-18)*b*1. Let s = 20 + y. Is s composite?
False
Let m = -73 + 108. Let k = -44 - m. Let l = k - -126. Is l a composite number?
False
Let f(c) = 145*c. Suppose -u - u + 2 = 0. Is f(u) a prime number?
False
Let c(k) be the second derivative of k**5/20 - k**3/6 - k**2 + k. Let l = 20 - 17. Is c(l) a prime number?
False
Let d = 1 + 1. Suppose 0*j + 60 = 4*k + 3*j, j + 40 = d*k. Suppose -2*b + 32 = 4*u, -3*u + 2*b + k = -2*u. Is u a composite number?
True
Let c be (-81)/15 - (-2)/5. Let w = c + 9. Suppose -d = -0*d - w. Is d a prime number?
False
Let c = -3 - -3. Suppose -4*m = -2*r + 82, -4*r - r - m + 260 = c. Is r composite?
True
Let r = 11 - 8. Let u(y) = 5*y**2 + 4*y**2 + 1 - 7*y - 4*y**2 + 4*y. Is u(r) prime?
True
Is 8386/12 + (-3)/(-18) a composite number?
True
Suppose 0 = -5*x + x + 20, 2*f = -x + 109. Suppose -3*i + 11 + f = 0. Is i composite?
True
Let j(s) = 2*s + 1. Let u be j(2). Suppose u*l - 245 = 5*b, -b + 0*b = -4*l + 196. Is l a prime number?
False
Let d = -18 + 23. Suppose h - 979 = -6*v + 4*v, -5*h = -3*v + 1501. Suppose i - d*g = 143, -2*g = -4*i + 2*g + v. Is i composite?
True
Suppose 5*o + 14 + 16 = 2*z, 0 = 4*o - 5*z + 41. Let l = -3 + o. Let r(g) = 4*g**2 - 5. Is r(l) prime?
True
Suppose 0 = a + a - 422. Is a a composite number?
False
Is ((-3*56)/(-4))/2 a composite number?
True
Let u be 2/(-7) + 78/(-21). Let m = 8 + u. Suppose -m*a = -2*c + 3*c - 27, 3*c - 33 = 4*a. Is c composite?
True
Let b = 1276 - 432. Suppose b = 4*p - 2*w, 3*p + 2*w = -0*w + 633. Is p a prime number?
True
Let h(z) = -z**2 + z - 1. Let o be h(8). Is -3*(-4)/(-6) - o prime?
False
Suppose -2*m + 0*m = -3*w + 3505, 2*w - 3*m = 2335. Is w prime?
False
Let t be 13/((-13)/(-210)) - -2. Suppose l - 5*l = -t. Suppose -2*h + l = -h. Is h composite?
False
Let t(v) = -v + 11. Let i be t(6). Suppose 0*w + 415 = i*w. Is w a prime number?
True
Let w = 2 + 1. Suppose 2*l - w*a = 217, -l - 5*a + 38 + 90 = 0. Is l a composite number?
False
Suppose 5*l + 22 = 152. Suppose 5*g = l + 19. Suppose -7 - g = -4*o. Is o a prime number?
False
Let f(t) = -t**2 + 6*t - 3. Let q be f(6). Let n be 2 + q - 2/(-2). Suppose -k - 5*v = -39, n*v = 5*k + 3*v - 173. Is k a prime number?
False
Let a(f) = 378*f**3 - f**2 + f - 1. Is a(1) composite?
True
Let f(u) = 7*u**2 + 13*u - 9. Is f(10) a composite number?
False
Suppose 5*g - g - 12 = 0. Let y be 4*(-1)/(-2) - 0. Suppose 55 = y*d + g*d. Is d prime?
True
Let f = 0 - -61. Suppose 5*z + 122 = -2*h, 3*z + 0*z + 74 = -2*h. Let w = z + f. Is w prime?
True
Suppose 13 = 2*y + 3*s, y + 4*s - 14 = -0. Let z = 5 - y. Is z composite?
False
Let s(y) = -50*y + 9. Is s(-3) composite?
True
Suppose 0 = 7*n - 2*n - 5*k, -2*n - 2*k = 0. Suppose 10 = -5*i, n = -2*s - i - 2*i + 1124. Suppose 8*w - 3*w - s = 0. Is w prime?
True
Let m be ((-24)/(-15))/(2/40). Suppose 5*w - m = 153. Is w composite?
False
Is 16/(16/4) - -33 composite?
False
Suppose 2*l = 3*l - 289. Is l composite?
True
Let s be 10/(-6) - 1/3. Let d(z) = -z**3 - z**2 - z - 2. Let i be d(s). Suppose -5*y + 340 = 5*l, 6*y - y - 273 = -i*l. Is l a prime number?
True
Let t(g) be the second derivative of -g**4/12 - 5*g**3/3 - 4*g**2 - 3*g. Let m be t(-8). Let w = m + -5. Is w composite?
False
Suppose -2*g + g - 3 = 0. Is (-1 + g)*(-371)/28 prime?
True
Let k(c) = -c**2 - c - 1. Let m(d) = 11*d**2 + 10*d + 7. Let r(o) = 5*k(o) + m(o). Is r(-5) a composite number?
False
Let c(l) = -l**2 - 11*l - 1. Let o be c(-11). Is (-3)/(o + 4)*-799 prime?
False
Suppose 0 = 3*f - 4*k - 0*k - 162, 5*f - 270 = -k. Let l = 173 + f. Let m = -138 + l. Is m a composite number?
False
Let g = 2 - 4. Let p = g - -5. Suppose 0 = q + 4*r - 141, -q - 256 = -p*q + 5*r. Is q composite?
True
Let v(t) = -6*t**3 - 8*t**2 - 11*t - 13. Is v(-6) composite?
False
Is 395 + (5/15)/((-3)/(-18)) a composite number?
False
Let n(j) = 15*j**2 - j + 1. Let f be 2/(-5) - 34/(-10). Suppose -3*b = -4*s + 2*b + 9, -f*s = 3*b. Is n(s) a prime number?
False
Let a(c) be the second derivative of c**4/4 - c**3/2 - c**2 + c. Is a(-3) composite?
True
Suppose -270 = 5*h + 4*s, 4*h + 101 + 115 = -4*s. Suppose 5*j - m = 15, 0 = -5*j + 5*m - 0*m + 35. Is ((-2)/6)/(j/h) a prime number?
False
Let l(t) = 7*t**2 - t + 19. Let x be l(-13). Let s = x + -798. Is s a composite number?
True
Suppose 2*k + 4 = -2. Is 645/10*(-2)/k a composite number?
False
Suppose 17 = 4*t + 1. Suppose -2*f - 5*x + 134 = 0, -t*x = -4*f - 6*x + 268. Is f composite?
False
Let q = 1042 + 931. Is q composite?
False
Let h = 1403 + -726. Is h a prime number?
True
Suppose -h + 5607 = 4*r, 4*r = 7*r - 3*h - 4224. Is r prime?
False
Suppose 1055 = 2*f + 3*p, 5*p = 1 + 14. Is f prime?
True
Let n = -27 + 126. Suppose z - n = -17. Is z prime?
False
Let t be 2/6 - 20/(-12). Suppose -2*f = 2*f - 5*a - 493, 4*f - t*a - 502 = 0. Is f a prime number?
True
Let s = 512 + -181. Is s prime?
True
Let b be (-6)/4*(-8)/3. Suppose 20 + b = 4*i. Is i/(-4)*-2 + 20 prime?
True
Suppose 64*c - 69*c + 2435 = 0. Is c a prime number?
True
Let x(c) = -c**2 - 11*c. Let y be x(-11). Suppose k + 4*k - 20 = y. Suppose k*f = 64 + 252. Is f a composite number?
False
Let a be 2/9 - 68/(-18). Let v be (2/a)/((-2)/(-344)). Let g = -55 + v. Is g prime?
True
Suppose -w + 9*w - 2360 = 0. Is w a composite number?
True
Let k(u) = 8*u + 4. Suppose 0 = -2*c + 1 + 13. Let z be k(c). Suppose 3*j + 3 = z. Is j prime?
True
Let b(m) = 351*m**2 - 2*m - 2. Is b(-3) a composite number?
False
Let v = 1170 - 127. Is v a composite number?
True
Suppose -69 = 4*z - 785. Is z a prime number?
True
Let u(m) = 4*m**2 + 7*m. Let c be -1 - (-2 + 12)/(-1). Let d = -14 + c. Is u(d) composite?
True
Let s(c) = 4*c**3 - 6*c**2 - 2*c - 1. Let y(m) = m**3 - m**2 - 1. Let h(i) = s(i) - 3*y(i). Is h(4) a prime number?
False
Suppose -240 + 14 = -k + 5*n, -3*n = -4*k + 819. Is (2 - 1)/(3/k) prime?
True
Suppose -8*x = -7*x + 1. Is (1 - x)*178/4 composite?
False
Let z be 16/4 + (2 - 1). Suppose -2*c = z*k - 13, -c - 2*c = k - 39. Is c a prime number?
False
Let s(i) be the third derivative of i**6/120 - i**5/12 - 3*i**4/8 + 11*i**3/6 - i**2. Is s(8) a prime number?
True
Let g(v) be the first derivative of -63*v**2 + v - 1. Is g(-1) a composite number?
False
Let 